{"id":25,"date":"2019-04-09T12:39:58","date_gmt":"2019-04-09T12:39:58","guid":{"rendered":"https:\/\/sv-wallerfing.com\/wordpress\/index.php\/sv-wallerfing-startseite\/"},"modified":"2026-04-19T18:15:31","modified_gmt":"2026-04-19T18:15:31","slug":"sv-wallerfing-startseite","status":"publish","type":"page","link":"https:\/\/sv-wallerfing.com\/","title":{"rendered":"SV Wallerfing 1958 e.V."},"content":{"rendered":"\t\t<div data-elementor-type=\"wp-page\" data-elementor-id=\"25\" class=\"elementor elementor-25\">\n\t\t\t\t\t\t<div class=\"elementor-inner\">\n\t\t\t\t<div class=\"elementor-section-wrap\">\n\t\t\t\t\t\t\t\t\t<section class=\"elementor-section elementor-top-section elementor-element elementor-element-01741a0 elementor-section-boxed elementor-section-height-default elementor-section-height-default\" data-id=\"01741a0\" data-element_type=\"section\">\n\t\t\t\t\t\t<div class=\"elementor-container elementor-column-gap-default\">\n\t\t\t\t\t\t\t<div class=\"elementor-row\">\n\t\t\t\t\t<div class=\"elementor-column elementor-col-100 elementor-top-column elementor-element elementor-element-d05dcad\" data-id=\"d05dcad\" data-element_type=\"column\">\n\t\t\t<div class=\"elementor-column-wrap elementor-element-populated\">\n\t\t\t\t\t\t\t<div class=\"elementor-widget-wrap\">\n\t\t\t\t\t\t<div class=\"elementor-element elementor-element-b2bee62 elementor-widget elementor-widget-image\" data-id=\"b2bee62\" data-element_type=\"widget\" data-widget_type=\"image.default\">\n\t\t\t\t<div class=\"elementor-widget-container\">\n\t\t\t\t\t\t\t\t<div class=\"elementor-image\">\n\t\t\t\t\t\t\t\t\t\t\t\t\t<a href=\"https:\/\/www.soccatours.com\/de_de\/\">\n\t\t\t\t\t\t\t<img width=\"295\" height=\"156\" src=\"https:\/\/sv-wallerfing.com\/wp-content\/uploads\/2023\/08\/Logo.jpg\" class=\"attachment-large size-large wp-image-771\" alt=\"\" loading=\"lazy\" \/>\t\t\t\t\t\t\t\t<\/a>\n\t\t\t\t\t\t\t\t\t\t\t\t\t\t<\/div>\n\t\t\t\t\t\t<\/div>\n\t\t\t\t<\/div>\n\t\t\t\t<div class=\"elementor-element elementor-element-3f9847e elementor-align-center elementor-widget elementor-widget-button\" data-id=\"3f9847e\" data-element_type=\"widget\" data-widget_type=\"button.default\">\n\t\t\t\t<div class=\"elementor-widget-container\">\n\t\t\t\t\t<div class=\"elementor-button-wrapper\">\n\t\t\t<a href=\"https:\/\/sv-wallerfing.fan12.de\/\" class=\"elementor-button-link elementor-button elementor-size-xl\" role=\"button\">\n\t\t\t\t\t\t<span class=\"elementor-button-content-wrapper\">\n\t\t\t\t\t\t<span class=\"elementor-button-text\">Hier geht`s zum Fanshop des SV Wallerfing<\/span>\n\t\t<\/span>\n\t\t\t\t\t<\/a>\n\t\t<\/div>\n\t\t\t\t<\/div>\n\t\t\t\t<\/div>\n\t\t\t\t<div class=\"elementor-element elementor-element-43c3a94 elementor-widget elementor-widget-text-editor\" data-id=\"43c3a94\" data-element_type=\"widget\" data-widget_type=\"text-editor.default\">\n\t\t\t\t<div class=\"elementor-widget-container\">\n\t\t\t\t\t\t\t\t<div class=\"elementor-text-editor elementor-clearfix\">\n\t\t\t\t<h2 style=\"font-family: var( --e-global-typography-primary-font-family ), Sans-serif; font-weight: var( --e-global-typography-primary-font-weight ); color: #e60606; text-align: center;\">Terminvorschau<\/h2>\n<h2 style=\"font-family: var( --e-global-typography-primary-font-family ), Sans-serif; font-weight: var( --e-global-typography-primary-font-weight ); color: #e60606; text-align: center;\">Fu\u00dfball<br>**************************************************<span style=\"color: #7a7a7a; font-weight: 400; font-size: 16px;\">&nbsp;<\/span><\/h2>\n<div>\n<div>\n<div>&nbsp; &nbsp; &nbsp; &nbsp; &nbsp; &nbsp; &nbsp; &nbsp; &nbsp; &nbsp; &nbsp; &nbsp; &nbsp; &nbsp; &nbsp; &nbsp; &nbsp; &nbsp; &nbsp; &nbsp; &nbsp; &nbsp; &nbsp; &nbsp; &nbsp; &nbsp; &nbsp; &nbsp; &nbsp; &nbsp; &nbsp; &nbsp; &nbsp; &nbsp; &nbsp;&nbsp;<\/div>\n<div><span style=\"color: #e60606; font-size: 30px; font-weight: 600; text-align: center;\">&nbsp; &nbsp; &nbsp; &nbsp; &nbsp; &nbsp; &nbsp; &nbsp; &nbsp; &nbsp; &nbsp; &nbsp; &nbsp; &nbsp; &nbsp; &nbsp; &nbsp; &nbsp; &nbsp; &nbsp; &nbsp; &nbsp; &nbsp;<\/span><span style=\"color: rgb(230, 6, 6); font-size: 30px; font-weight: 600; text-align: center;\">So. 25.04. 15:00 Uhr Heimspiel&nbsp;&nbsp;<\/span><\/div>\n<div><span style=\"color: #e60606; font-size: 30px; font-weight: 600; text-align: center;\">&nbsp; &nbsp; &nbsp; &nbsp; &nbsp; &nbsp; &nbsp; &nbsp; &nbsp; &nbsp; &nbsp; &nbsp; &nbsp; &nbsp; &nbsp; &nbsp; &nbsp; &nbsp;SV Wallerfing I &#8211; SV Neuhausen\/Offenberg II<\/span><\/div>\n<\/div>\n<div>\n<div>\n<h2 style=\"font-family: Roboto, sans-serif; font-weight: 600; color: #e60606; text-align: center;\"><br><\/h2>\n<\/div>\n<\/div>\n<div>&nbsp;<\/div>\n<div>&nbsp;<\/div>\n<div>\n<h2 style=\"font-family: var( --e-global-typography-primary-font-family ), Sans-serif; font-weight: var( --e-global-typography-primary-font-weight ); color: #e60606; text-align: center;\">**************************************************<\/h2>\n<h2 style=\"font-family: var( --e-global-typography-primary-font-family ), Sans-serif; font-weight: var( --e-global-typography-primary-font-weight ); color: #e60606; text-align: center;\">Vereinsleben<span style=\"font-family: var( --e-global-typography-primary-font-family ), Sans-serif; font-weight: var( --e-global-typography-primary-font-weight );\">&nbsp;<\/span><\/h2>\n<h2 style=\"font-family: var( --e-global-typography-primary-font-family ), Sans-serif; font-weight: var( --e-global-typography-primary-font-weight ); color: #e60606; text-align: center;\"><span style=\"font-family: var( --e-global-typography-primary-font-family ), Sans-serif; font-weight: var( --e-global-typography-primary-font-weight );\"><br><\/span><\/h2>\n<h2 style=\"font-family: var( --e-global-typography-primary-font-family ), Sans-serif; font-weight: var( --e-global-typography-primary-font-weight ); color: #e60606; text-align: center;\"><span style=\"font-family: var( --e-global-typography-primary-font-family ), Sans-serif; font-weight: var( --e-global-typography-primary-font-weight );\">1.Mai 11:00 Uhr<\/span><\/h2>\n<h2 style=\"font-family: var( --e-global-typography-primary-font-family ), Sans-serif; font-weight: var( --e-global-typography-primary-font-weight ); color: #e60606; text-align: center;\"><span style=\"font-family: var( --e-global-typography-primary-font-family ), Sans-serif; font-weight: var( --e-global-typography-primary-font-weight );\">Traditionellens Maibaumaufstellen<\/span><\/h2>\n<h2 style=\"font-family: var( --e-global-typography-primary-font-family ), Sans-serif; font-weight: var( --e-global-typography-primary-font-weight ); color: #e60606; text-align: center;\"><span style=\"font-family: var( --e-global-typography-primary-font-family ), Sans-serif; font-weight: var( --e-global-typography-primary-font-weight );\">am Sportgel\u00e4nde des SV Wallerfing&nbsp;<\/span><\/h2>\n<\/div>\n<div><br><\/div>\n<\/div>\t\t\t\t\t<\/div>\n\t\t\t\t\t\t<\/div>\n\t\t\t\t<\/div>\n\t\t\t\t<div class=\"elementor-element elementor-element-ff8b613 elementor-widget-divider--view-line elementor-widget elementor-widget-divider\" data-id=\"ff8b613\" data-element_type=\"widget\" data-widget_type=\"divider.default\">\n\t\t\t\t<div class=\"elementor-widget-container\">\n\t\t\t\t\t<div class=\"elementor-divider\">\n\t\t\t<span class=\"elementor-divider-separator\">\n\t\t\t\t\t\t<\/span>\n\t\t<\/div>\n\t\t\t\t<\/div>\n\t\t\t\t<\/div>\n\t\t\t\t<div class=\"elementor-element elementor-element-5876bc5 elementor-widget elementor-widget-image\" data-id=\"5876bc5\" data-element_type=\"widget\" data-widget_type=\"image.default\">\n\t\t\t\t<div class=\"elementor-widget-container\">\n\t\t\t\t\t\t\t\t<div class=\"elementor-image\">\n\t\t\t\t\t\t\t\t\t\t\t\t<img width=\"2048\" height=\"1448\" src=\"https:\/\/sv-wallerfing.com\/wp-content\/uploads\/2025\/09\/Wallerfing-2025-kompeltt_neu-2048x1448.jpg\" class=\"attachment-2048x2048 size-2048x2048 wp-image-1023\" alt=\"\" loading=\"lazy\" srcset=\"https:\/\/sv-wallerfing.com\/wp-content\/uploads\/2025\/09\/Wallerfing-2025-kompeltt_neu-2048x1448.jpg 2048w, https:\/\/sv-wallerfing.com\/wp-content\/uploads\/2025\/09\/Wallerfing-2025-kompeltt_neu-300x212.jpg 300w, https:\/\/sv-wallerfing.com\/wp-content\/uploads\/2025\/09\/Wallerfing-2025-kompeltt_neu-1024x724.jpg 1024w, https:\/\/sv-wallerfing.com\/wp-content\/uploads\/2025\/09\/Wallerfing-2025-kompeltt_neu-768x543.jpg 768w, https:\/\/sv-wallerfing.com\/wp-content\/uploads\/2025\/09\/Wallerfing-2025-kompeltt_neu-1536x1086.jpg 1536w\" sizes=\"(max-width: 2048px) 100vw, 2048px\" \/>\t\t\t\t\t\t\t\t\t\t\t\t\t\t<\/div>\n\t\t\t\t\t\t<\/div>\n\t\t\t\t<\/div>\n\t\t\t\t\t\t<\/div>\n\t\t\t\t\t<\/div>\n\t\t<\/div>\n\t\t\t\t\t\t\t\t<\/div>\n\t\t\t\t\t<\/div>\n\t\t<\/section>\n\t\t\t\t<section class=\"elementor-section elementor-top-section elementor-element elementor-element-66618b4 elementor-section-boxed elementor-section-height-default elementor-section-height-default\" data-id=\"66618b4\" data-element_type=\"section\">\n\t\t\t\t\t\t<div class=\"elementor-container elementor-column-gap-default\">\n\t\t\t\t\t\t\t<div class=\"elementor-row\">\n\t\t\t\t\t<div class=\"elementor-column elementor-col-100 elementor-top-column elementor-element elementor-element-7cc26c1\" data-id=\"7cc26c1\" data-element_type=\"column\" data-settings=\"{&quot;background_background&quot;:&quot;gradient&quot;}\">\n\t\t\t<div class=\"elementor-column-wrap elementor-element-populated\">\n\t\t\t\t\t\t\t<div class=\"elementor-widget-wrap\">\n\t\t\t\t\t\t\t\t<\/div>\n\t\t\t\t\t<\/div>\n\t\t<\/div>\n\t\t\t\t\t\t\t\t<\/div>\n\t\t\t\t\t<\/div>\n\t\t<\/section>\n\t\t\t\t<section class=\"elementor-section elementor-top-section elementor-element elementor-element-eb988b2 elementor-section-boxed elementor-section-height-default elementor-section-height-default\" data-id=\"eb988b2\" data-element_type=\"section\">\n\t\t\t\t\t\t<div class=\"elementor-container elementor-column-gap-default\">\n\t\t\t\t\t\t\t<div class=\"elementor-row\">\n\t\t\t\t\t<div class=\"elementor-column elementor-col-100 elementor-top-column elementor-element elementor-element-5f2e9ac\" data-id=\"5f2e9ac\" data-element_type=\"column\">\n\t\t\t<div class=\"elementor-column-wrap elementor-element-populated\">\n\t\t\t\t\t\t\t<div class=\"elementor-widget-wrap\">\n\t\t\t\t\t\t<div class=\"elementor-element elementor-element-9c42bcd elementor-widget elementor-widget-text-editor\" data-id=\"9c42bcd\" data-element_type=\"widget\" data-widget_type=\"text-editor.default\">\n\t\t\t\t<div class=\"elementor-widget-container\">\n\t\t\t\t\t\t\t\t<div class=\"elementor-text-editor elementor-clearfix\">\n\t\t\t\t<p>\u00a0<\/p><p style=\"font-size: medium; caret-color: #000000; color: #000000;\"><span style=\"font-size: 26pt; font-family: Banff, sans-serif;\">SV 1958 Wallerfing e.V.<\/span><\/p><p style=\"font-size: medium; caret-color: #000000; color: #000000; text-align: center;\" align=\"center\"><b><span style=\"font-family: Arial, sans-serif;\">Der SV Wallerfing hat mit Hilfe von Sponsoren investiert<\/span><\/b><b style=\"font-family: var( --e-global-typography-text-font-family ), Sans-serif;\"><span style=\"font-family: Arial, sans-serif;\">\u00a0<\/span><\/b><\/p><p style=\"font-size: medium; caret-color: #000000; color: #000000;\"><span style=\"font-family: Arial, sans-serif;\">Neben der Tatsache, dass aus unserer Sicht der SV Wallerfing das sch\u00f6nste Stadion in ganz Niederbayern hat, fehlten doch noch \u201eKleinigkeiten\u201c. Diese sogenannten \u201eKleinigkeiten\u201c sind in Worte ausgedr\u00fcckt eine Anzeigetafel und Trainerbank mit mehreren Sitzgelegenheiten. Dieser Umstand wurde auch von den Fans vielfach angesprochen. So hat sich die Vorstandschaft, allen voran Stefan Gaschler auf die Suche begeben preisg\u00fcnstige Objekte zu ergattern. Als man Anbieter hatte wurden Sponsoren gesucht. F\u00fcr die Anzeigetafel haben sich der\u00a0<b>Fliesenlegerbetrieb Stefan Heringlehner\u00a0<\/b>und der\u00a0<b>Kfz Meister Betrieb Stefan Schneider\u00a0<\/b>bereit erkl\u00e4rt die Anzeigetafel zu sponsern. Die Trainerbank mit 10 Sitzen und \u00dcberdachung wurde von\u00a0<b>Robert Friedel, WWK-Versicherungen<\/b>, gesponsert. Am 17. M\u00e4rz sind die Grundfeste f\u00fcr die beiden Objekte betoniert worden, um p\u00fcnktlich zum 1. Heimspiel in der R\u00fcckrunde diese Errungenschaften pr\u00e4sentieren zu k\u00f6nnen.<br \/>Der SV Wallerfing bedankte sich sehr, sehr herzlich bei den Sponsoren f\u00fcr ihre Unterst\u00fctzung. Ohne deren Zutun h\u00e4tte man diese Objekte nicht verwirklichen k\u00f6nnen.<\/span><\/p><p><style>@font-face<br \/>\t{font-family:\"Cambria Math\";<br \/>\tpanose-1:2 4 5 3 5 4 6 3 2 4;<br \/>\tmso-font-charset:0;<br \/>\tmso-generic-font-family:roman;<br \/>\tmso-font-pitch:variable;<br \/>\tmso-font-signature:-536870145 1107305727 0 0 415 0;}@font-face<br \/>\t{font-family:Banff;<br \/>\tpanose-1:2 11 6 4 2 2 2 2 2 4;<br \/>\tmso-font-alt:Calibri;<br \/>\tmso-font-charset:0;<br \/>\tmso-generic-font-family:swiss;<br \/>\tmso-font-format:other;<br \/>\tmso-font-pitch:variable;<br \/>\tmso-font-signature:3 0 0 0 1 0;}@font-face<br \/>\t{font-family:\"Comic Sans MS\";<br \/>\tpanose-1:3 15 7 2 3 3 2 2 2 4;<br \/>\tmso-font-alt:\"Comic Sans MS\";<br \/>\tmso-font-charset:0;<br \/>\tmso-generic-font-family:script;<br \/>\tmso-font-pitch:variable;<br \/>\tmso-font-signature:647 19 0 0 159 0;}@font-face<br \/>\t{font-family:ArialMT;<br \/>\tpanose-1:2 11 6 4 2 2 2 2 2 4;<br \/>\tmso-font-alt:Arial;<br \/>\tmso-font-charset:0;<br \/>\tmso-generic-font-family:auto;<br \/>\tmso-font-format:other;<br \/>\tmso-font-pitch:auto;<br \/>\tmso-font-signature:3 0 0 0 1 0;}p.MsoNormal, li.MsoNormal, div.MsoNormal<br \/>\t{mso-style-unhide:no;<br \/>\tmso-style-qformat:yes;<br \/>\tmso-style-parent:\"\";<br \/>\tmargin:0cm;<br \/>\tmso-pagination:widow-orphan;<br \/>\tfont-size:12.0pt;<br \/>\tfont-family:\"Times New Roman\",serif;<br \/>\tmso-fareast-font-family:\"Times New Roman\";}.MsoChpDefault<br \/>\t{mso-style-type:export-only;<br \/>\tmso-default-props:yes;<br \/>\tfont-size:10.0pt;<br \/>\tmso-ansi-font-size:10.0pt;<br \/>\tmso-bidi-font-size:10.0pt;}div.WordSection1<br \/>\t{page:WordSection1;}<\/style><\/p>\t\t\t\t\t<\/div>\n\t\t\t\t\t\t<\/div>\n\t\t\t\t<\/div>\n\t\t\t\t\t\t<\/div>\n\t\t\t\t\t<\/div>\n\t\t<\/div>\n\t\t\t\t\t\t\t\t<\/div>\n\t\t\t\t\t<\/div>\n\t\t<\/section>\n\t\t\t\t<section class=\"elementor-section elementor-top-section elementor-element elementor-element-486b3fb elementor-section-boxed elementor-section-height-default elementor-section-height-default\" data-id=\"486b3fb\" data-element_type=\"section\">\n\t\t\t\t\t\t<div class=\"elementor-container elementor-column-gap-default\">\n\t\t\t\t\t\t\t<div class=\"elementor-row\">\n\t\t\t\t\t<div class=\"elementor-column elementor-col-100 elementor-top-column elementor-element elementor-element-0fc8b52\" data-id=\"0fc8b52\" data-element_type=\"column\">\n\t\t\t<div class=\"elementor-column-wrap elementor-element-populated\">\n\t\t\t\t\t\t\t<div class=\"elementor-widget-wrap\">\n\t\t\t\t\t\t<div class=\"elementor-element elementor-element-2cf6ee8 elementor-widget elementor-widget-image\" data-id=\"2cf6ee8\" data-element_type=\"widget\" data-widget_type=\"image.default\">\n\t\t\t\t<div class=\"elementor-widget-container\">\n\t\t\t\t\t\t\t\t<div class=\"elementor-image\">\n\t\t\t\t\t\t\t\t\t\t\t\t<img width=\"490\" height=\"378\" src=\"https:\/\/sv-wallerfing.com\/wp-content\/uploads\/2023\/04\/IMG_F3857AA88AA2-1.jpeg\" class=\"attachment-large size-large wp-image-624\" alt=\"\" loading=\"lazy\" srcset=\"https:\/\/sv-wallerfing.com\/wp-content\/uploads\/2023\/04\/IMG_F3857AA88AA2-1.jpeg 490w, https:\/\/sv-wallerfing.com\/wp-content\/uploads\/2023\/04\/IMG_F3857AA88AA2-1-300x231.jpeg 300w\" sizes=\"(max-width: 490px) 100vw, 490px\" \/>\t\t\t\t\t\t\t\t\t\t\t\t\t\t<\/div>\n\t\t\t\t\t\t<\/div>\n\t\t\t\t<\/div>\n\t\t\t\t\t\t<\/div>\n\t\t\t\t\t<\/div>\n\t\t<\/div>\n\t\t\t\t\t\t\t\t<\/div>\n\t\t\t\t\t<\/div>\n\t\t<\/section>\n\t\t\t\t<section class=\"elementor-section elementor-top-section elementor-element elementor-element-50410d6 elementor-section-boxed elementor-section-height-default elementor-section-height-default\" data-id=\"50410d6\" data-element_type=\"section\">\n\t\t\t\t\t\t<div class=\"elementor-container elementor-column-gap-default\">\n\t\t\t\t\t\t\t<div class=\"elementor-row\">\n\t\t\t\t\t<div class=\"elementor-column elementor-col-100 elementor-top-column elementor-element elementor-element-d4737f5\" data-id=\"d4737f5\" data-element_type=\"column\">\n\t\t\t<div class=\"elementor-column-wrap elementor-element-populated\">\n\t\t\t\t\t\t\t<div class=\"elementor-widget-wrap\">\n\t\t\t\t\t\t<div class=\"elementor-element elementor-element-4686267 elementor-widget elementor-widget-text-editor\" data-id=\"4686267\" data-element_type=\"widget\" data-widget_type=\"text-editor.default\">\n\t\t\t\t<div class=\"elementor-widget-container\">\n\t\t\t\t\t\t\t\t<div class=\"elementor-text-editor elementor-clearfix\">\n\t\t\t\t<p style=\"margin: 0cm 0cm 10pt; line-height: 16.866667px; font-size: 11pt; font-family: Calibri, sans-serif; caret-color: #000000; color: #000000; text-align: center;\" align=\"center\"><span style=\"font-family: Arial, sans-serif;\">\u00a0<\/span><b><span style=\"font-size: 12pt; line-height: 18.4px; font-family: Arial, sans-serif;\">Trainingslager absolviert<\/span><\/b><\/p><p><span style=\"caret-color: #000000; color: #000000; font-size: 12pt; line-height: 18.4px; font-family: Arial, sans-serif;\">Die Spieler des SV Wallerfing haben ihr allj\u00e4hrliches Trainingslager in Hluboka\u2018\/Budweis erfolgreich abgeschlossen. In den 4 Tagen wurde t\u00e4glich ein Morgenlauf absolviert mit anschlie\u00dfender Regenerationsphase.\u00a0Nachmittags stand dann ein umfangreiches Trainingsprogramm auf dem Plan.\u00a0In den 4 Einheiten sind vor allem Kondition und Kraft trainiert worden. Zudem kamen Einheiten hinzu wo es galt taktische Raffinessen zu verfeinern. Das Trainergespann mit Dennis Gr\u00fcbl, Manuel Schneider, Klaus Sepaintner und Cheftrainer Michael Huber zeigten sich zufrieden mit dem Engagement und Disziplin der Spieler.\u00a0Um den Fortschritt der Mannschaft zu testen hat am Ende des Trainingslagers ein Spiel gegen die SG Haidm\u00fchle stattgefunden. Das Spiel konnte mit 3:0 gewonnen werden, wo Dennis Gr\u00fcbl 2mal traf und Haberl Andres das \u00fcbrige Tor beisteuerte.\u00a0In einem insgesamt guten Spiel war die Erkenntnis der Trainer, die Trainingseinheiten haben sich bezahlt gemacht. Alle Spieler sind wohlauf und haben die Einheiten verletzungsfrei \u00fcberstanden. Nun d\u00fcrfte einem guten Start in die R\u00fcckrunde nichts mehr im Wege stehen.\u00a0Insgesamt haben 40 Personen an dem Trainingslager teilgenommen. Darunter waren nicht nur Spieler, sondern auch etliche Vereinsverantwortliche des SV Wallerfing.\u00a0Vor der R\u00fcckfahrt stellten sich die Teilnehmer noch einem Gemeinschaftsfoto.<\/span><\/p>\t\t\t\t\t<\/div>\n\t\t\t\t\t\t<\/div>\n\t\t\t\t<\/div>\n\t\t\t\t\t\t<\/div>\n\t\t\t\t\t<\/div>\n\t\t<\/div>\n\t\t\t\t\t\t\t\t<\/div>\n\t\t\t\t\t<\/div>\n\t\t<\/section>\n\t\t\t\t<section class=\"elementor-section elementor-top-section elementor-element elementor-element-80172d8 elementor-section-boxed elementor-section-height-default elementor-section-height-default\" data-id=\"80172d8\" data-element_type=\"section\">\n\t\t\t\t\t\t<div class=\"elementor-container elementor-column-gap-default\">\n\t\t\t\t\t\t\t<div class=\"elementor-row\">\n\t\t\t\t\t<div class=\"elementor-column elementor-col-100 elementor-top-column elementor-element elementor-element-7422663\" data-id=\"7422663\" data-element_type=\"column\">\n\t\t\t<div class=\"elementor-column-wrap elementor-element-populated\">\n\t\t\t\t\t\t\t<div class=\"elementor-widget-wrap\">\n\t\t\t\t\t\t<div class=\"elementor-element elementor-element-59fed88 elementor-widget elementor-widget-image\" data-id=\"59fed88\" data-element_type=\"widget\" data-widget_type=\"image.default\">\n\t\t\t\t<div class=\"elementor-widget-container\">\n\t\t\t\t\t\t\t\t<div class=\"elementor-image\">\n\t\t\t\t\t\t\t\t\t\t\t\t<img width=\"1024\" height=\"768\" src=\"https:\/\/sv-wallerfing.com\/wp-content\/uploads\/2023\/04\/156ced24-f511-49a2-bfa0-6dcb80617031-1024x768.jpg\" class=\"attachment-large size-large wp-image-629\" alt=\"\" loading=\"lazy\" srcset=\"https:\/\/sv-wallerfing.com\/wp-content\/uploads\/2023\/04\/156ced24-f511-49a2-bfa0-6dcb80617031-1024x768.jpg 1024w, https:\/\/sv-wallerfing.com\/wp-content\/uploads\/2023\/04\/156ced24-f511-49a2-bfa0-6dcb80617031-300x225.jpg 300w, https:\/\/sv-wallerfing.com\/wp-content\/uploads\/2023\/04\/156ced24-f511-49a2-bfa0-6dcb80617031-768x576.jpg 768w, https:\/\/sv-wallerfing.com\/wp-content\/uploads\/2023\/04\/156ced24-f511-49a2-bfa0-6dcb80617031-1536x1152.jpg 1536w, https:\/\/sv-wallerfing.com\/wp-content\/uploads\/2023\/04\/156ced24-f511-49a2-bfa0-6dcb80617031.jpg 1600w\" sizes=\"(max-width: 1024px) 100vw, 1024px\" \/>\t\t\t\t\t\t\t\t\t\t\t\t\t\t<\/div>\n\t\t\t\t\t\t<\/div>\n\t\t\t\t<\/div>\n\t\t\t\t\t\t<\/div>\n\t\t\t\t\t<\/div>\n\t\t<\/div>\n\t\t\t\t\t\t\t\t<\/div>\n\t\t\t\t\t<\/div>\n\t\t<\/section>\n\t\t\t\t<section class=\"elementor-section elementor-top-section elementor-element elementor-element-4a61cd3 elementor-section-boxed elementor-section-height-default elementor-section-height-default\" data-id=\"4a61cd3\" data-element_type=\"section\">\n\t\t\t\t\t\t<div class=\"elementor-container elementor-column-gap-default\">\n\t\t\t\t\t\t\t<div class=\"elementor-row\">\n\t\t\t\t\t<div class=\"elementor-column elementor-col-100 elementor-top-column elementor-element elementor-element-f0a8fc2\" data-id=\"f0a8fc2\" data-element_type=\"column\">\n\t\t\t<div class=\"elementor-column-wrap\">\n\t\t\t\t\t\t\t<div class=\"elementor-widget-wrap\">\n\t\t\t\t\t\t\t\t<\/div>\n\t\t\t\t\t<\/div>\n\t\t<\/div>\n\t\t\t\t\t\t\t\t<\/div>\n\t\t\t\t\t<\/div>\n\t\t<\/section>\n\t\t\t\t\t\t\t\t\t<\/div>\n\t\t\t<\/div>\n\t\t\t\t\t<\/div>\n\t\t","protected":false},"excerpt":{"rendered":"<p>Der SV Wallerfing hei\u00dft Sie herzlich Willkommen auf seiner Homepage. Hier informieren wir Sie \u00fcber alles Rund um den SV Wallerfing.<\/p>\n","protected":false},"author":1,"featured_media":0,"parent":0,"menu_order":0,"comment_status":"closed","ping_status":"closed","template":"","meta":[],"yoast_head":"<!-- This site is optimized with the Yoast SEO plugin v19.4 - https:\/\/yoast.com\/wordpress\/plugins\/seo\/ -->\n<title>SV Wallerfing 1958 e.V. -<\/title>\n<meta name=\"robots\" content=\"index, follow, max-snippet:-1, max-image-preview:large, max-video-preview:-1\" \/>\n<link rel=\"canonical\" href=\"https:\/\/sv-wallerfing.com\/\" \/>\n<meta property=\"og:locale\" content=\"de_DE\" \/>\n<meta property=\"og:type\" content=\"article\" \/>\n<meta property=\"og:title\" content=\"SV Wallerfing 1958 e.V. -\" \/>\n<meta property=\"og:description\" content=\"Der SV Wallerfing hei\u00dft Sie herzlich Willkommen auf seiner Homepage. Hier informieren wir Sie \u00fcber alles Rund um den SV Wallerfing.\" \/>\n<meta property=\"og:url\" content=\"https:\/\/sv-wallerfing.com\/\" \/>\n<meta property=\"article:modified_time\" content=\"2026-04-19T18:15:31+00:00\" \/>\n<meta property=\"og:image\" content=\"https:\/\/sv-wallerfing.com\/wp-content\/uploads\/2023\/08\/Logo.jpg\" \/>\n<meta name=\"twitter:card\" content=\"summary_large_image\" \/>\n<meta name=\"twitter:label1\" content=\"Gesch\u00e4tzte Lesezeit\" \/>\n\t<meta name=\"twitter:data1\" content=\"4\u00a0Minuten\" \/>\n<script type=\"application\/ld+json\" class=\"yoast-schema-graph\">{\"@context\":\"https:\/\/schema.org\",\"@graph\":[{\"@type\":\"WebSite\",\"@id\":\"https:\/\/sv-wallerfing.com\/#website\",\"url\":\"https:\/\/sv-wallerfing.com\/\",\"name\":\"\",\"description\":\"\",\"potentialAction\":[{\"@type\":\"SearchAction\",\"target\":{\"@type\":\"EntryPoint\",\"urlTemplate\":\"https:\/\/sv-wallerfing.com\/?s={search_term_string}\"},\"query-input\":\"required name=search_term_string\"}],\"inLanguage\":\"de\"},{\"@type\":\"WebPage\",\"@id\":\"https:\/\/sv-wallerfing.com\/\",\"url\":\"https:\/\/sv-wallerfing.com\/\",\"name\":\"SV Wallerfing 1958 e.V. -\",\"isPartOf\":{\"@id\":\"https:\/\/sv-wallerfing.com\/#website\"},\"datePublished\":\"2019-04-09T12:39:58+00:00\",\"dateModified\":\"2026-04-19T18:15:31+00:00\",\"breadcrumb\":{\"@id\":\"https:\/\/sv-wallerfing.com\/#breadcrumb\"},\"inLanguage\":\"de\",\"potentialAction\":[{\"@type\":\"ReadAction\",\"target\":[\"https:\/\/sv-wallerfing.com\/\"]}]},{\"@type\":\"BreadcrumbList\",\"@id\":\"https:\/\/sv-wallerfing.com\/#breadcrumb\",\"itemListElement\":[{\"@type\":\"ListItem\",\"position\":1,\"name\":\"Home\",\"item\":\"https:\/\/sv-wallerfing.com\/\"},{\"@type\":\"ListItem\",\"position\":2,\"name\":\"SV Wallerfing 1958 e.V.\"}]}]}<\/script>\n<!-- \/ Yoast SEO plugin. -->","yoast_head_json":{"title":"SV Wallerfing 1958 e.V. -","robots":{"index":"index","follow":"follow","max-snippet":"max-snippet:-1","max-image-preview":"max-image-preview:large","max-video-preview":"max-video-preview:-1"},"canonical":"https:\/\/sv-wallerfing.com\/","og_locale":"de_DE","og_type":"article","og_title":"SV Wallerfing 1958 e.V. -","og_description":"Der SV Wallerfing hei\u00dft Sie herzlich Willkommen auf seiner Homepage. Hier informieren wir Sie \u00fcber alles Rund um den SV Wallerfing.","og_url":"https:\/\/sv-wallerfing.com\/","article_modified_time":"2026-04-19T18:15:31+00:00","og_image":[{"url":"https:\/\/sv-wallerfing.com\/wp-content\/uploads\/2023\/08\/Logo.jpg"}],"twitter_card":"summary_large_image","twitter_misc":{"Gesch\u00e4tzte Lesezeit":"4\u00a0Minuten"},"schema":{"@context":"https:\/\/schema.org","@graph":[{"@type":"WebSite","@id":"https:\/\/sv-wallerfing.com\/#website","url":"https:\/\/sv-wallerfing.com\/","name":"","description":"","potentialAction":[{"@type":"SearchAction","target":{"@type":"EntryPoint","urlTemplate":"https:\/\/sv-wallerfing.com\/?s={search_term_string}"},"query-input":"required name=search_term_string"}],"inLanguage":"de"},{"@type":"WebPage","@id":"https:\/\/sv-wallerfing.com\/","url":"https:\/\/sv-wallerfing.com\/","name":"SV Wallerfing 1958 e.V. -","isPartOf":{"@id":"https:\/\/sv-wallerfing.com\/#website"},"datePublished":"2019-04-09T12:39:58+00:00","dateModified":"2026-04-19T18:15:31+00:00","breadcrumb":{"@id":"https:\/\/sv-wallerfing.com\/#breadcrumb"},"inLanguage":"de","potentialAction":[{"@type":"ReadAction","target":["https:\/\/sv-wallerfing.com\/"]}]},{"@type":"BreadcrumbList","@id":"https:\/\/sv-wallerfing.com\/#breadcrumb","itemListElement":[{"@type":"ListItem","position":1,"name":"Home","item":"https:\/\/sv-wallerfing.com\/"},{"@type":"ListItem","position":2,"name":"SV Wallerfing 1958 e.V."}]}]}},"_links":{"self":[{"href":"https:\/\/sv-wallerfing.com\/index.php\/wp-json\/wp\/v2\/pages\/25"}],"collection":[{"href":"https:\/\/sv-wallerfing.com\/index.php\/wp-json\/wp\/v2\/pages"}],"about":[{"href":"https:\/\/sv-wallerfing.com\/index.php\/wp-json\/wp\/v2\/types\/page"}],"author":[{"embeddable":true,"href":"https:\/\/sv-wallerfing.com\/index.php\/wp-json\/wp\/v2\/users\/1"}],"replies":[{"embeddable":true,"href":"https:\/\/sv-wallerfing.com\/index.php\/wp-json\/wp\/v2\/comments?post=25"}],"version-history":[{"count":397,"href":"https:\/\/sv-wallerfing.com\/index.php\/wp-json\/wp\/v2\/pages\/25\/revisions"}],"predecessor-version":[{"id":1098,"href":"https:\/\/sv-wallerfing.com\/index.php\/wp-json\/wp\/v2\/pages\/25\/revisions\/1098"}],"wp:attachment":[{"href":"https:\/\/sv-wallerfing.com\/index.php\/wp-json\/wp\/v2\/media?parent=25"}],"curies":[{"name":"wp","href":"https:\/\/api.w.org\/{rel}","templated":true}]}}