{"id":48,"date":"2019-04-09T12:40:00","date_gmt":"2019-04-09T12:40:00","guid":{"rendered":"https:\/\/sv-wallerfing.com\/wordpress\/index.php\/trikot-sponsoren\/"},"modified":"2021-12-10T12:27:22","modified_gmt":"2021-12-10T12:27:22","slug":"trikot-sponsoren","status":"publish","type":"page","link":"https:\/\/sv-wallerfing.com\/index.php\/trikot-sponsoren\/","title":{"rendered":"SV Wallerfing &#8211; Trikotsponsoren"},"content":{"rendered":"\t\t<div data-elementor-type=\"wp-page\" data-elementor-id=\"48\" class=\"elementor elementor-48\">\n\t\t\t\t\t\t<div class=\"elementor-inner\">\n\t\t\t\t<div class=\"elementor-section-wrap\">\n\t\t\t\t\t\t\t\t\t<section class=\"elementor-section elementor-top-section elementor-element elementor-element-03b1e61 elementor-section-boxed elementor-section-height-default elementor-section-height-default\" data-id=\"03b1e61\" data-element_type=\"section\">\n\t\t\t\t\t\t<div class=\"elementor-container elementor-column-gap-default\">\n\t\t\t\t\t\t\t<div class=\"elementor-row\">\n\t\t\t\t\t<div class=\"elementor-column elementor-col-100 elementor-top-column elementor-element elementor-element-c5f4fe3\" data-id=\"c5f4fe3\" data-element_type=\"column\">\n\t\t\t<div class=\"elementor-column-wrap elementor-element-populated\">\n\t\t\t\t\t\t\t<div class=\"elementor-widget-wrap\">\n\t\t\t\t\t\t<div class=\"elementor-element elementor-element-af9159e elementor-widget elementor-widget-image\" data-id=\"af9159e\" data-element_type=\"widget\" data-widget_type=\"image.default\">\n\t\t\t\t<div class=\"elementor-widget-container\">\n\t\t\t\t\t\t\t\t<div class=\"elementor-image\">\n\t\t\t\t\t\t\t\t\t\t\t\t<img width=\"1024\" height=\"725\" src=\"https:\/\/sv-wallerfing.com\/wp-content\/uploads\/2021\/12\/DEVK-Danke-1024x725.jpg\" class=\"attachment-large size-large wp-image-477\" alt=\"\" loading=\"lazy\" srcset=\"https:\/\/sv-wallerfing.com\/wp-content\/uploads\/2021\/12\/DEVK-Danke-1024x725.jpg 1024w, https:\/\/sv-wallerfing.com\/wp-content\/uploads\/2021\/12\/DEVK-Danke-300x212.jpg 300w, https:\/\/sv-wallerfing.com\/wp-content\/uploads\/2021\/12\/DEVK-Danke-768x544.jpg 768w, https:\/\/sv-wallerfing.com\/wp-content\/uploads\/2021\/12\/DEVK-Danke.jpg 1121w\" sizes=\"(max-width: 1024px) 100vw, 1024px\" \/>\t\t\t\t\t\t\t\t\t\t\t\t\t\t<\/div>\n\t\t\t\t\t\t<\/div>\n\t\t\t\t<\/div>\n\t\t\t\t\t\t<\/div>\n\t\t\t\t\t<\/div>\n\t\t<\/div>\n\t\t\t\t\t\t\t\t<\/div>\n\t\t\t\t\t<\/div>\n\t\t<\/section>\n\t\t\t\t<section class=\"elementor-section elementor-top-section elementor-element elementor-element-c75d0c8 elementor-section-boxed elementor-section-height-default elementor-section-height-default\" data-id=\"c75d0c8\" data-element_type=\"section\">\n\t\t\t\t\t\t<div class=\"elementor-container elementor-column-gap-default\">\n\t\t\t\t\t\t\t<div class=\"elementor-row\">\n\t\t\t\t\t<div class=\"elementor-column elementor-col-100 elementor-top-column elementor-element elementor-element-13f490b\" data-id=\"13f490b\" data-element_type=\"column\">\n\t\t\t<div class=\"elementor-column-wrap elementor-element-populated\">\n\t\t\t\t\t\t\t<div class=\"elementor-widget-wrap\">\n\t\t\t\t\t\t<div class=\"elementor-element elementor-element-7e221c9 elementor-widget elementor-widget-heading\" data-id=\"7e221c9\" data-element_type=\"widget\" data-widget_type=\"heading.default\">\n\t\t\t\t<div class=\"elementor-widget-container\">\n\t\t\t<h2 class=\"elementor-heading-title elementor-size-default\">Sponsoren Schuh-Sport Oswald &amp; WWK-Versicherungen<\/h2>\t\t<\/div>\n\t\t\t\t<\/div>\n\t\t\t\t\t\t<\/div>\n\t\t\t\t\t<\/div>\n\t\t<\/div>\n\t\t\t\t\t\t\t\t<\/div>\n\t\t\t\t\t<\/div>\n\t\t<\/section>\n\t\t\t\t<section class=\"elementor-section elementor-top-section elementor-element elementor-element-50de63a elementor-section-boxed elementor-section-height-default elementor-section-height-default\" data-id=\"50de63a\" data-element_type=\"section\">\n\t\t\t\t\t\t<div class=\"elementor-container elementor-column-gap-default\">\n\t\t\t\t\t\t\t<div class=\"elementor-row\">\n\t\t\t\t\t<div class=\"elementor-column elementor-col-100 elementor-top-column elementor-element elementor-element-a7243fb\" data-id=\"a7243fb\" data-element_type=\"column\">\n\t\t\t<div class=\"elementor-column-wrap elementor-element-populated\">\n\t\t\t\t\t\t\t<div class=\"elementor-widget-wrap\">\n\t\t\t\t\t\t<div class=\"elementor-element elementor-element-26ecf6c elementor-widget elementor-widget-image\" data-id=\"26ecf6c\" data-element_type=\"widget\" data-widget_type=\"image.default\">\n\t\t\t\t<div class=\"elementor-widget-container\">\n\t\t\t\t\t\t\t\t<div class=\"elementor-image\">\n\t\t\t\t\t\t\t\t\t\t\t\t<img width=\"1024\" height=\"724\" src=\"https:\/\/sv-wallerfing.com\/wp-content\/uploads\/2021\/12\/Mannschaftsfoto-1024x724.jpg\" class=\"attachment-large size-large wp-image-476\" alt=\"\" loading=\"lazy\" srcset=\"https:\/\/sv-wallerfing.com\/wp-content\/uploads\/2021\/12\/Mannschaftsfoto-1024x724.jpg 1024w, https:\/\/sv-wallerfing.com\/wp-content\/uploads\/2021\/12\/Mannschaftsfoto-300x212.jpg 300w, https:\/\/sv-wallerfing.com\/wp-content\/uploads\/2021\/12\/Mannschaftsfoto-768x543.jpg 768w, https:\/\/sv-wallerfing.com\/wp-content\/uploads\/2021\/12\/Mannschaftsfoto.jpg 1119w\" sizes=\"(max-width: 1024px) 100vw, 1024px\" \/>\t\t\t\t\t\t\t\t\t\t\t\t\t\t<\/div>\n\t\t\t\t\t\t<\/div>\n\t\t\t\t<\/div>\n\t\t\t\t\t\t<\/div>\n\t\t\t\t\t<\/div>\n\t\t<\/div>\n\t\t\t\t\t\t\t\t<\/div>\n\t\t\t\t\t<\/div>\n\t\t<\/section>\n\t\t\t\t<section class=\"elementor-section elementor-top-section elementor-element elementor-element-92e1f50 elementor-section-boxed elementor-section-height-default elementor-section-height-default\" data-id=\"92e1f50\" data-element_type=\"section\">\n\t\t\t\t\t\t<div class=\"elementor-container elementor-column-gap-default\">\n\t\t\t\t\t\t\t<div class=\"elementor-row\">\n\t\t\t\t\t<div class=\"elementor-column elementor-col-100 elementor-top-column elementor-element elementor-element-d4b16d0\" data-id=\"d4b16d0\" data-element_type=\"column\">\n\t\t\t<div class=\"elementor-column-wrap elementor-element-populated\">\n\t\t\t\t\t\t\t<div class=\"elementor-widget-wrap\">\n\t\t\t\t\t\t<div class=\"elementor-element elementor-element-c10e0f1 elementor-widget elementor-widget-text-editor\" data-id=\"c10e0f1\" data-element_type=\"widget\" data-widget_type=\"text-editor.default\">\n\t\t\t\t<div class=\"elementor-widget-container\">\n\t\t\t\t\t\t\t\t<div class=\"elementor-text-editor elementor-clearfix\">\n\t\t\t\t<p>Der SV Wallerfing m\u00f6chte sich recht herzlich bei Schuh-Sport Oswald f\u00fcr die neuen Aufw\u00e4rmshirts der 1. &amp; 2. Manschaft, sowie bei der WWK-Versicherungen, Robert Friedl f\u00fcr den neuen Trikotsatz bedanken.<\/p>\t\t\t\t\t<\/div>\n\t\t\t\t\t\t<\/div>\n\t\t\t\t<\/div>\n\t\t\t\t\t\t<\/div>\n\t\t\t\t\t<\/div>\n\t\t<\/div>\n\t\t\t\t\t\t\t\t<\/div>\n\t\t\t\t\t<\/div>\n\t\t<\/section>\n\t\t\t\t<section class=\"elementor-section elementor-top-section elementor-element elementor-element-a989ac7 elementor-section-boxed elementor-section-height-default elementor-section-height-default\" data-id=\"a989ac7\" data-element_type=\"section\">\n\t\t\t\t\t\t<div class=\"elementor-container elementor-column-gap-default\">\n\t\t\t\t\t\t\t<div class=\"elementor-row\">\n\t\t\t\t\t<div class=\"elementor-column elementor-col-100 elementor-top-column elementor-element elementor-element-3b337dd\" data-id=\"3b337dd\" data-element_type=\"column\">\n\t\t\t<div class=\"elementor-column-wrap elementor-element-populated\">\n\t\t\t\t\t\t\t<div class=\"elementor-widget-wrap\">\n\t\t\t\t\t\t<div class=\"elementor-element elementor-element-8eb2fc3 elementor-widget elementor-widget-heading\" data-id=\"8eb2fc3\" data-element_type=\"widget\" data-widget_type=\"heading.default\">\n\t\t\t\t<div class=\"elementor-widget-container\">\n\t\t\t<h2 class=\"elementor-heading-title elementor-size-default\">Sponsoren Montage Frank Ge\u00dfner &amp; Nema Fenster &amp;T\u00fcren<\/h2>\t\t<\/div>\n\t\t\t\t<\/div>\n\t\t\t\t\t\t<\/div>\n\t\t\t\t\t<\/div>\n\t\t<\/div>\n\t\t\t\t\t\t\t\t<\/div>\n\t\t\t\t\t<\/div>\n\t\t<\/section>\n\t\t\t\t<section class=\"elementor-section elementor-top-section elementor-element elementor-element-9d9c8f5 elementor-section-boxed elementor-section-height-default elementor-section-height-default\" data-id=\"9d9c8f5\" data-element_type=\"section\">\n\t\t\t\t\t\t<div class=\"elementor-container elementor-column-gap-default\">\n\t\t\t\t\t\t\t<div class=\"elementor-row\">\n\t\t\t\t\t<div class=\"elementor-column elementor-col-100 elementor-top-column elementor-element elementor-element-d5623d0\" data-id=\"d5623d0\" data-element_type=\"column\">\n\t\t\t<div class=\"elementor-column-wrap elementor-element-populated\">\n\t\t\t\t\t\t\t<div class=\"elementor-widget-wrap\">\n\t\t\t\t\t\t<div class=\"elementor-element elementor-element-88e3c18 elementor-widget elementor-widget-image\" data-id=\"88e3c18\" data-element_type=\"widget\" data-widget_type=\"image.default\">\n\t\t\t\t<div class=\"elementor-widget-container\">\n\t\t\t\t\t\t\t\t<div class=\"elementor-image\">\n\t\t\t\t\t\t\t\t\t\t\t\t<img width=\"1024\" height=\"768\" src=\"https:\/\/sv-wallerfing.com\/wp-content\/uploads\/2020\/01\/IMG-20200121-WA0000-002-1.jpg\" class=\"attachment-large size-large wp-image-355\" alt=\"\" loading=\"lazy\" srcset=\"https:\/\/sv-wallerfing.com\/wp-content\/uploads\/2020\/01\/IMG-20200121-WA0000-002-1.jpg 1024w, https:\/\/sv-wallerfing.com\/wp-content\/uploads\/2020\/01\/IMG-20200121-WA0000-002-1-300x225.jpg 300w, https:\/\/sv-wallerfing.com\/wp-content\/uploads\/2020\/01\/IMG-20200121-WA0000-002-1-768x576.jpg 768w\" sizes=\"(max-width: 1024px) 100vw, 1024px\" \/>\t\t\t\t\t\t\t\t\t\t\t\t\t\t<\/div>\n\t\t\t\t\t\t<\/div>\n\t\t\t\t<\/div>\n\t\t\t\t\t\t<\/div>\n\t\t\t\t\t<\/div>\n\t\t<\/div>\n\t\t\t\t\t\t\t\t<\/div>\n\t\t\t\t\t<\/div>\n\t\t<\/section>\n\t\t\t\t<section class=\"elementor-section elementor-top-section elementor-element elementor-element-6223cac elementor-section-boxed elementor-section-height-default elementor-section-height-default\" data-id=\"6223cac\" data-element_type=\"section\">\n\t\t\t\t\t\t<div class=\"elementor-container elementor-column-gap-default\">\n\t\t\t\t\t\t\t<div class=\"elementor-row\">\n\t\t\t\t\t<div class=\"elementor-column elementor-col-100 elementor-top-column elementor-element elementor-element-ea4aeb2\" data-id=\"ea4aeb2\" data-element_type=\"column\">\n\t\t\t<div class=\"elementor-column-wrap elementor-element-populated\">\n\t\t\t\t\t\t\t<div class=\"elementor-widget-wrap\">\n\t\t\t\t\t\t<div class=\"elementor-element elementor-element-79369fe elementor-widget elementor-widget-text-editor\" data-id=\"79369fe\" data-element_type=\"widget\" data-widget_type=\"text-editor.default\">\n\t\t\t\t<div class=\"elementor-widget-container\">\n\t\t\t\t\t\t\t\t<div class=\"elementor-text-editor elementor-clearfix\">\n\t\t\t\t<p><span style=\"color: #000000; font-family: Verdana; font-size: 12px;\">Der SV Wallerfing ist mit neuen Ausgehjacken ausgestattet worden. Dank der <\/span><span style=\"color: #000000; font-family: Verdana; font-size: 12px;\">Sponsoren Montage Frank Ge\u00dfner und Nema Fenster &amp;T\u00fcren war es m\u00f6glich die <\/span><span style=\"color: #000000; font-family: Verdana; font-size: 12px;\">beiden Seniorenmannschaften mit dem neuen Outfit einzukleiden. Deshalb sagen <\/span><span style=\"color: #000000; font-family: Verdana; font-size: 12px;\">wir ein herzliches Vergelt\u00b4s Gott an Frank Ge\u00dfner und Fenster &amp;T\u00fcren Nema.<\/span><\/p>\t\t\t\t\t<\/div>\n\t\t\t\t\t\t<\/div>\n\t\t\t\t<\/div>\n\t\t\t\t\t\t<\/div>\n\t\t\t\t\t<\/div>\n\t\t<\/div>\n\t\t\t\t\t\t\t\t<\/div>\n\t\t\t\t\t<\/div>\n\t\t<\/section>\n\t\t\t\t<section class=\"elementor-section elementor-top-section elementor-element elementor-element-fef499e elementor-section-boxed elementor-section-height-default elementor-section-height-default\" data-id=\"fef499e\" data-element_type=\"section\">\n\t\t\t\t\t\t<div class=\"elementor-container elementor-column-gap-default\">\n\t\t\t\t\t\t\t<div class=\"elementor-row\">\n\t\t\t\t\t<div class=\"elementor-column elementor-col-100 elementor-top-column elementor-element elementor-element-6cfd6b3\" data-id=\"6cfd6b3\" data-element_type=\"column\" data-settings=\"{&quot;background_background&quot;:&quot;classic&quot;}\">\n\t\t\t<div class=\"elementor-column-wrap elementor-element-populated\">\n\t\t\t\t\t\t\t<div class=\"elementor-widget-wrap\">\n\t\t\t\t\t\t<div class=\"elementor-element elementor-element-035b1d2 elementor-widget elementor-widget-heading\" data-id=\"035b1d2\" data-element_type=\"widget\" data-widget_type=\"heading.default\">\n\t\t\t\t<div class=\"elementor-widget-container\">\n\t\t\t<h2 class=\"elementor-heading-title elementor-size-default\">Trikotsponsor Schuh-Sport Oswald<\/h2>\t\t<\/div>\n\t\t\t\t<\/div>\n\t\t\t\t\t\t<\/div>\n\t\t\t\t\t<\/div>\n\t\t<\/div>\n\t\t\t\t\t\t\t\t<\/div>\n\t\t\t\t\t<\/div>\n\t\t<\/section>\n\t\t\t\t<section class=\"elementor-section elementor-top-section elementor-element elementor-element-12d5a1a elementor-section-boxed elementor-section-height-default elementor-section-height-default\" data-id=\"12d5a1a\" data-element_type=\"section\">\n\t\t\t\t\t\t<div class=\"elementor-container elementor-column-gap-default\">\n\t\t\t\t\t\t\t<div class=\"elementor-row\">\n\t\t\t\t\t<div class=\"elementor-column elementor-col-100 elementor-top-column elementor-element elementor-element-ea5720c\" data-id=\"ea5720c\" data-element_type=\"column\">\n\t\t\t<div class=\"elementor-column-wrap elementor-element-populated\">\n\t\t\t\t\t\t\t<div class=\"elementor-widget-wrap\">\n\t\t\t\t\t\t<div class=\"elementor-element elementor-element-4c7f496 elementor-widget elementor-widget-image\" data-id=\"4c7f496\" data-element_type=\"widget\" data-widget_type=\"image.default\">\n\t\t\t\t<div class=\"elementor-widget-container\">\n\t\t\t\t\t\t\t\t<div class=\"elementor-image\">\n\t\t\t\t\t\t\t\t\t\t\t\t<img width=\"1024\" height=\"768\" src=\"https:\/\/sv-wallerfing.com\/wp-content\/uploads\/2020\/01\/PHOTO-2020-01-10-09-40-20-1024x768.jpg\" class=\"attachment-large size-large wp-image-323\" alt=\"\" loading=\"lazy\" srcset=\"https:\/\/sv-wallerfing.com\/wp-content\/uploads\/2020\/01\/PHOTO-2020-01-10-09-40-20-1024x768.jpg 1024w, https:\/\/sv-wallerfing.com\/wp-content\/uploads\/2020\/01\/PHOTO-2020-01-10-09-40-20-300x225.jpg 300w, https:\/\/sv-wallerfing.com\/wp-content\/uploads\/2020\/01\/PHOTO-2020-01-10-09-40-20-768x576.jpg 768w, https:\/\/sv-wallerfing.com\/wp-content\/uploads\/2020\/01\/PHOTO-2020-01-10-09-40-20-1536x1152.jpg 1536w, https:\/\/sv-wallerfing.com\/wp-content\/uploads\/2020\/01\/PHOTO-2020-01-10-09-40-20.jpg 1600w\" sizes=\"(max-width: 1024px) 100vw, 1024px\" \/>\t\t\t\t\t\t\t\t\t\t\t\t\t\t<\/div>\n\t\t\t\t\t\t<\/div>\n\t\t\t\t<\/div>\n\t\t\t\t\t\t<\/div>\n\t\t\t\t\t<\/div>\n\t\t<\/div>\n\t\t\t\t\t\t\t\t<\/div>\n\t\t\t\t\t<\/div>\n\t\t<\/section>\n\t\t\t\t<section class=\"elementor-section elementor-top-section elementor-element elementor-element-792a6d7 elementor-section-boxed elementor-section-height-default elementor-section-height-default\" data-id=\"792a6d7\" data-element_type=\"section\">\n\t\t\t\t\t\t<div class=\"elementor-container elementor-column-gap-default\">\n\t\t\t\t\t\t\t<div class=\"elementor-row\">\n\t\t\t\t\t<div class=\"elementor-column elementor-col-100 elementor-top-column elementor-element elementor-element-382b673\" data-id=\"382b673\" data-element_type=\"column\">\n\t\t\t<div class=\"elementor-column-wrap elementor-element-populated\">\n\t\t\t\t\t\t\t<div class=\"elementor-widget-wrap\">\n\t\t\t\t\t\t<div class=\"elementor-element elementor-element-3c2cecf elementor-widget elementor-widget-text-editor\" data-id=\"3c2cecf\" data-element_type=\"widget\" data-widget_type=\"text-editor.default\">\n\t\t\t\t<div class=\"elementor-widget-container\">\n\t\t\t\t\t\t\t\t<div class=\"elementor-text-editor elementor-clearfix\">\n\t\t\t\t<p>Der SV Wallerfing m\u00f6chte sich nochmals recht herzlich bei Schuh-Sport Oswald aus Sch\u00f6llnach f\u00fcr die neuen Aufw\u00e4rmtrikots der 1. und 2. Mannschaft bedanken. Zudem konnte unsere 2. Mannschaft bereits zum dritten Mal in Folge die Meisterschaft in der A-Klasse Plattling-Reserve feiern.<\/p>\t\t\t\t\t<\/div>\n\t\t\t\t\t\t<\/div>\n\t\t\t\t<\/div>\n\t\t\t\t\t\t<\/div>\n\t\t\t\t\t<\/div>\n\t\t<\/div>\n\t\t\t\t\t\t\t\t<\/div>\n\t\t\t\t\t<\/div>\n\t\t<\/section>\n\t\t\t\t<section class=\"elementor-section elementor-top-section elementor-element elementor-element-c8bce7c elementor-section-boxed elementor-section-height-default elementor-section-height-default\" data-id=\"c8bce7c\" data-element_type=\"section\">\n\t\t\t\t\t\t<div class=\"elementor-container elementor-column-gap-default\">\n\t\t\t\t\t\t\t<div class=\"elementor-row\">\n\t\t\t\t\t<div class=\"elementor-column elementor-col-100 elementor-top-column elementor-element elementor-element-f35f78\" data-id=\"f35f78\" data-element_type=\"column\">\n\t\t\t<div class=\"elementor-column-wrap elementor-element-populated\">\n\t\t\t\t\t\t\t<div class=\"elementor-widget-wrap\">\n\t\t\t\t\t\t<div class=\"elementor-element elementor-element-2d983f98 elementor-widget elementor-widget-text-editor\" data-id=\"2d983f98\" data-element_type=\"widget\" data-widget_type=\"text-editor.default\">\n\t\t\t\t<div class=\"elementor-widget-container\">\n\t\t\t\t\t\t\t\t<div class=\"elementor-text-editor elementor-clearfix\">\n\t\t\t\t<h1 style=\"text-align: center;\"><strong>Trikotsponsor Gasthaus R.Eigner<\/strong><\/h1><p><img loading=\"lazy\" class=\"size-full wp-image-211 aligncenter\" src=\"https:\/\/sv-wallerfing.com\/wordpress\/wp-content\/uploads\/2019\/09\/teaserbox_247121245074a1.jpg\" alt=\"\" width=\"900\" height=\"506\" srcset=\"https:\/\/sv-wallerfing.com\/wp-content\/uploads\/2019\/09\/teaserbox_247121245074a1.jpg 900w, https:\/\/sv-wallerfing.com\/wp-content\/uploads\/2019\/09\/teaserbox_247121245074a1-300x169.jpg 300w, https:\/\/sv-wallerfing.com\/wp-content\/uploads\/2019\/09\/teaserbox_247121245074a1-768x432.jpg 768w\" sizes=\"(max-width: 900px) 100vw, 900px\" \/><\/p><p style=\"text-align: center;\">Das Gasthaus R. Eigner aus Wallerfing sponsorte den beiden Seniorenmannschaften des SV Wallerfing einen neuen Satz Aufw\u00e4rmtrikots.<\/p><p style=\"text-align: center;\">Der SV Wallerfing sagt herzlichst &#8211; DANKE GABI!!!<\/p><hr \/><h2 style=\"text-align: center;\"><strong>\u00a0Trikotsponsor Raiffeisenbank<br \/><img loading=\"lazy\" class=\"size-full wp-image-212 aligncenter\" src=\"https:\/\/sv-wallerfing.com\/wordpress\/wp-content\/uploads\/2019\/09\/teaserbox_247501575517b5.jpg\" alt=\"\" width=\"674\" height=\"515\" srcset=\"https:\/\/sv-wallerfing.com\/wp-content\/uploads\/2019\/09\/teaserbox_247501575517b5.jpg 674w, https:\/\/sv-wallerfing.com\/wp-content\/uploads\/2019\/09\/teaserbox_247501575517b5-300x229.jpg 300w\" sizes=\"(max-width: 674px) 100vw, 674px\" \/><br \/><\/strong><\/h2><p><img loading=\"lazy\" class=\"size-full wp-image-127 aligncenter\" src=\"https:\/\/sv-wallerfing.com\/wordpress\/wp-content\/uploads\/2019\/09\/cache_2475015756a0c8.jpg\" alt=\"\" width=\"900\" height=\"675\" srcset=\"https:\/\/sv-wallerfing.com\/wp-content\/uploads\/2019\/09\/cache_2475015756a0c8.jpg 900w, https:\/\/sv-wallerfing.com\/wp-content\/uploads\/2019\/09\/cache_2475015756a0c8-300x225.jpg 300w, https:\/\/sv-wallerfing.com\/wp-content\/uploads\/2019\/09\/cache_2475015756a0c8-768x576.jpg 768w\" sizes=\"(max-width: 900px) 100vw, 900px\" \/><\/p><p style=\"text-align: center;\">\u00a0<\/p><p style=\"text-align: center;\">Der SV Wallerfing m\u00f6chte sich nochmals recht herzlich bei der Raiffeisenbank f\u00fcr die Jugendspende bedanken.<\/p><p><img loading=\"lazy\" class=\"size-full wp-image-109 aligncenter\" src=\"https:\/\/sv-wallerfing.com\/wordpress\/wp-content\/uploads\/2019\/09\/cache_2474840389da6e.png\" alt=\"\" width=\"601\" height=\"801\" srcset=\"https:\/\/sv-wallerfing.com\/wp-content\/uploads\/2019\/09\/cache_2474840389da6e.png 601w, https:\/\/sv-wallerfing.com\/wp-content\/uploads\/2019\/09\/cache_2474840389da6e-225x300.png 225w\" sizes=\"(max-width: 601px) 100vw, 601px\" \/><\/p>\t\t\t\t\t<\/div>\n\t\t\t\t\t\t<\/div>\n\t\t\t\t<\/div>\n\t\t\t\t\t\t<\/div>\n\t\t\t\t\t<\/div>\n\t\t<\/div>\n\t\t\t\t\t\t\t\t<\/div>\n\t\t\t\t\t<\/div>\n\t\t<\/section>\n\t\t\t\t\t\t\t\t\t<\/div>\n\t\t\t<\/div>\n\t\t\t\t\t<\/div>\n\t\t","protected":false},"excerpt":{"rendered":"<p>Hier bedanken wir uns bei den unz\u00e4hligen Sponsoren f\u00fcr die Spenden wie Trikot und Fu\u00dfb\u00e4lle f\u00fcr die jeweiligen Mannschaften des SV Wallerfing.<\/p>\n","protected":false},"author":1,"featured_media":0,"parent":0,"menu_order":0,"comment_status":"closed","ping_status":"closed","template":"","meta":[],"yoast_head":"<!-- This site is optimized with the Yoast SEO plugin v19.4 - https:\/\/yoast.com\/wordpress\/plugins\/seo\/ -->\n<title>SV Wallerfing - Trikotsponsoren -<\/title>\n<meta name=\"robots\" content=\"index, follow, max-snippet:-1, max-image-preview:large, max-video-preview:-1\" \/>\n<link rel=\"canonical\" href=\"https:\/\/sv-wallerfing.com\/index.php\/trikot-sponsoren\/\" \/>\n<meta property=\"og:locale\" content=\"de_DE\" \/>\n<meta property=\"og:type\" content=\"article\" \/>\n<meta property=\"og:title\" content=\"SV Wallerfing - Trikotsponsoren -\" \/>\n<meta property=\"og:description\" content=\"Hier bedanken wir uns bei den unz\u00e4hligen Sponsoren f\u00fcr die Spenden wie Trikot und Fu\u00dfb\u00e4lle f\u00fcr die jeweiligen Mannschaften des SV Wallerfing.\" \/>\n<meta property=\"og:url\" content=\"https:\/\/sv-wallerfing.com\/index.php\/trikot-sponsoren\/\" \/>\n<meta property=\"article:modified_time\" content=\"2021-12-10T12:27:22+00:00\" \/>\n<meta property=\"og:image\" content=\"https:\/\/sv-wallerfing.com\/wp-content\/uploads\/2021\/12\/DEVK-Danke-1024x725.jpg\" \/>\n<meta name=\"twitter:card\" content=\"summary_large_image\" \/>\n<meta name=\"twitter:label1\" content=\"Gesch\u00e4tzte Lesezeit\" \/>\n\t<meta name=\"twitter:data1\" content=\"3\u00a0Minuten\" \/>\n<script type=\"application\/ld+json\" class=\"yoast-schema-graph\">{\"@context\":\"https:\/\/schema.org\",\"@graph\":[{\"@type\":\"WebSite\",\"@id\":\"https:\/\/sv-wallerfing.com\/#website\",\"url\":\"https:\/\/sv-wallerfing.com\/\",\"name\":\"\",\"description\":\"\",\"potentialAction\":[{\"@type\":\"SearchAction\",\"target\":{\"@type\":\"EntryPoint\",\"urlTemplate\":\"https:\/\/sv-wallerfing.com\/?s={search_term_string}\"},\"query-input\":\"required name=search_term_string\"}],\"inLanguage\":\"de\"},{\"@type\":\"WebPage\",\"@id\":\"https:\/\/sv-wallerfing.com\/index.php\/trikot-sponsoren\/\",\"url\":\"https:\/\/sv-wallerfing.com\/index.php\/trikot-sponsoren\/\",\"name\":\"SV Wallerfing - Trikotsponsoren -\",\"isPartOf\":{\"@id\":\"https:\/\/sv-wallerfing.com\/#website\"},\"datePublished\":\"2019-04-09T12:40:00+00:00\",\"dateModified\":\"2021-12-10T12:27:22+00:00\",\"breadcrumb\":{\"@id\":\"https:\/\/sv-wallerfing.com\/index.php\/trikot-sponsoren\/#breadcrumb\"},\"inLanguage\":\"de\",\"potentialAction\":[{\"@type\":\"ReadAction\",\"target\":[\"https:\/\/sv-wallerfing.com\/index.php\/trikot-sponsoren\/\"]}]},{\"@type\":\"BreadcrumbList\",\"@id\":\"https:\/\/sv-wallerfing.com\/index.php\/trikot-sponsoren\/#breadcrumb\",\"itemListElement\":[{\"@type\":\"ListItem\",\"position\":1,\"name\":\"Home\",\"item\":\"https:\/\/sv-wallerfing.com\/\"},{\"@type\":\"ListItem\",\"position\":2,\"name\":\"SV Wallerfing &#8211; Trikotsponsoren\"}]}]}<\/script>\n<!-- \/ Yoast SEO plugin. -->","yoast_head_json":{"title":"SV Wallerfing - Trikotsponsoren -","robots":{"index":"index","follow":"follow","max-snippet":"max-snippet:-1","max-image-preview":"max-image-preview:large","max-video-preview":"max-video-preview:-1"},"canonical":"https:\/\/sv-wallerfing.com\/index.php\/trikot-sponsoren\/","og_locale":"de_DE","og_type":"article","og_title":"SV Wallerfing - Trikotsponsoren -","og_description":"Hier bedanken wir uns bei den unz\u00e4hligen Sponsoren f\u00fcr die Spenden wie Trikot und Fu\u00dfb\u00e4lle f\u00fcr die jeweiligen Mannschaften des SV Wallerfing.","og_url":"https:\/\/sv-wallerfing.com\/index.php\/trikot-sponsoren\/","article_modified_time":"2021-12-10T12:27:22+00:00","og_image":[{"url":"https:\/\/sv-wallerfing.com\/wp-content\/uploads\/2021\/12\/DEVK-Danke-1024x725.jpg"}],"twitter_card":"summary_large_image","twitter_misc":{"Gesch\u00e4tzte Lesezeit":"3\u00a0Minuten"},"schema":{"@context":"https:\/\/schema.org","@graph":[{"@type":"WebSite","@id":"https:\/\/sv-wallerfing.com\/#website","url":"https:\/\/sv-wallerfing.com\/","name":"","description":"","potentialAction":[{"@type":"SearchAction","target":{"@type":"EntryPoint","urlTemplate":"https:\/\/sv-wallerfing.com\/?s={search_term_string}"},"query-input":"required name=search_term_string"}],"inLanguage":"de"},{"@type":"WebPage","@id":"https:\/\/sv-wallerfing.com\/index.php\/trikot-sponsoren\/","url":"https:\/\/sv-wallerfing.com\/index.php\/trikot-sponsoren\/","name":"SV Wallerfing - Trikotsponsoren -","isPartOf":{"@id":"https:\/\/sv-wallerfing.com\/#website"},"datePublished":"2019-04-09T12:40:00+00:00","dateModified":"2021-12-10T12:27:22+00:00","breadcrumb":{"@id":"https:\/\/sv-wallerfing.com\/index.php\/trikot-sponsoren\/#breadcrumb"},"inLanguage":"de","potentialAction":[{"@type":"ReadAction","target":["https:\/\/sv-wallerfing.com\/index.php\/trikot-sponsoren\/"]}]},{"@type":"BreadcrumbList","@id":"https:\/\/sv-wallerfing.com\/index.php\/trikot-sponsoren\/#breadcrumb","itemListElement":[{"@type":"ListItem","position":1,"name":"Home","item":"https:\/\/sv-wallerfing.com\/"},{"@type":"ListItem","position":2,"name":"SV Wallerfing &#8211; Trikotsponsoren"}]}]}},"_links":{"self":[{"href":"https:\/\/sv-wallerfing.com\/index.php\/wp-json\/wp\/v2\/pages\/48"}],"collection":[{"href":"https:\/\/sv-wallerfing.com\/index.php\/wp-json\/wp\/v2\/pages"}],"about":[{"href":"https:\/\/sv-wallerfing.com\/index.php\/wp-json\/wp\/v2\/types\/page"}],"author":[{"embeddable":true,"href":"https:\/\/sv-wallerfing.com\/index.php\/wp-json\/wp\/v2\/users\/1"}],"replies":[{"embeddable":true,"href":"https:\/\/sv-wallerfing.com\/index.php\/wp-json\/wp\/v2\/comments?post=48"}],"version-history":[{"count":19,"href":"https:\/\/sv-wallerfing.com\/index.php\/wp-json\/wp\/v2\/pages\/48\/revisions"}],"predecessor-version":[{"id":487,"href":"https:\/\/sv-wallerfing.com\/index.php\/wp-json\/wp\/v2\/pages\/48\/revisions\/487"}],"wp:attachment":[{"href":"https:\/\/sv-wallerfing.com\/index.php\/wp-json\/wp\/v2\/media?parent=48"}],"curies":[{"name":"wp","href":"https:\/\/api.w.org\/{rel}","templated":true}]}}